281717 composite?
False
Is 184696879 prime?
True
Is 1851991 a prime number?
True
Is 168388133 prime?
True
Is 63017291 prime?
True
Is 324379697 a prime number?
False
Is 33002239 a prime number?
False
Is 13428319 prime?
True
Is 9890267 a prime number?
False
Is 205056977 a prime number?
True
Is 8161607 a composite number?
False
Is 359078351 a prime number?
True
Is 672303 a composite number?
True
Is 4656853 prime?
True
Is 1026684847 a prime number?
True
Is 226679 a prime number?
False
Is 35731471 prime?
True
Is 59891099 prime?
False
Is 51742046 a composite number?
True
Is 2611439 a prime number?
True
Is 587263 prime?
True
Is 1816733 a prime number?
False
Is 1267429 a prime number?
True
Is 8744923 composite?
True
Is 30128687 a composite number?
True
Is 99468239 a composite number?
True
Is 1317013 a composite number?
False
Is 89564179 composite?
False
Is 3519049 composite?
False
Is 9197983 prime?
True
Is 141970991 a prime number?
True
Is 26327921 a composite number?
True
Is 15289823 a prime number?
True
Is 78173093 prime?
True
Is 118981007 a composite number?
True
Is 250728377 a composite number?
False
Is 147221 composite?
False
Is 159223313 a prime number?
False
Is 177378979 prime?
True
Is 11946817 composite?
True
Is 115558199 prime?
True
Is 3391733 a composite number?
True
Is 1338941 a prime number?
True
Is 52208531 a composite number?
False
Is 879607 prime?
True
Is 6760319 composite?
False
Is 31894339 prime?
True
Is 8084501 a prime number?
True
Is 6942491 prime?
True
Is 114992321 composite?
True
Is 97507589 a prime number?
False
Is 567092089 a composite number?
False
Is 208151 a composite number?
True
Is 4622851 a composite number?
True
Is 1315441 prime?
True
Is 124913599 prime?
True
Is 4315709 composite?
False
Is 28259873 a prime number?
True
Is 1100981095 a composite number?
True
Is 1191765137 a prime number?
True
Is 69796821 a composite number?
True
Is 19474063 composite?
True
Is 5465903 composite?
False
Is 2470841 a composite number?
False
Is 60565117 composite?
False
Is 4865171 prime?
False
Is 5373923 prime?
True
Is 230608123 a composite number?
True
Is 163165421 composite?
False
Is 9347006 a composite number?
True
Is 46209973 a composite number?
False
Is 530833 a prime number?
True
Is 4875161 a prime number?
False
Is 41546627 prime?
True
Is 87716171 a prime number?
True
Is 41155187 a composite number?
False
Is 417336277 prime?
False
Is 5458771 prime?
True
Is 84844483 prime?
False
Is 21521761 a prime number?
False
Is 7016279 a prime number?
True
Is 1010654459 composite?
False
Is 147903311 composite?
True
Is 853759 prime?
True
Is 25943726 a prime number?
False
Is 742054 composite?
True
Is 7448177 prime?
False
Is 552323 a prime number?
False
Is 206993227 prime?
False
Is 291995609 a prime number?
True
Is 4096957 a composite number?
False
Is 151706593 prime?
True
Is 265921129 composite?
False
Is 1985497 composite?
True
Is 55355099 prime?
False
Is 242971 a composite number?
False
Is 11184153 composite?
True
Is 100684309 composite?
True
Is 35227627 prime?
True
Is 3071161 a composite number?
False
Is 345959 prime?
False
Is 3471463 composite?
False
Is 109679165 prime?
False
Is 1602413 a prime number?
False
Is 10767259 a prime number?
False
Is 24309737 composite?
False
Is 3602461 a composite number?
False
Is 3199681 a composite number?
True
Is 4646611 prime?
False
Is 13911121 a composite number?
True
Is 39308209 prime?
True
Is 753127 a prime number?
True
Is 129110621 a composite number?
True
Is 548143 prime?
True
Is 73283291 composite?
False
Is 179293 a prime number?
False
Is 109354835 a composite number?
True
Is 635849971 a prime number?
True
Is 31899037 composite?
False
Is 2616223 a prime number?
False
Is 33729211 a composite number?
True
Is 4519169 a composite number?
True
Is 109294469 a composite number?
False
Is 20416889 prime?
True
Is 9767521 prime?
True
Is 10916437 composite?
True
Is 834761 composite?
False
Is 74719627 a prime number?
True
Is 130927 prime?
True
Is 292246649 a prime number?
True
Is 13595581 composite?
False
Is 6297941 prime?
False
Is 67241 a prime number?
False
Is 147023473 prime?
False
Is 7760393 a prime number?
True
Is 194267129 composite?
True
Is 239923 a composite number?
True
Is 422819119 composite?
False
Is 3347614 a prime number?
False
Is 66039 composite?
True
Is 40377383 composite?
False
Is 13608839 a prime number?
False
Is 1870207 a prime number?
True
Is 23867647 prime?
True
Is 60492503 composite?
False
Is 752757 prime?
False
Is 161167121 prime?
False
Is 113277887 a composite number?
False
Is 21238843 a prime number?
True
Is 192267191 prime?
True
Is 5629147 a prime number?
True
Is 66275191 a prime number?
True
Is 4952023 a composite number?
False
Is 3635921 prime?
False
Is 99333229 composite?
False
Is 6654917 composite?
True
Is 29922383 a composite number?
False
Is 13661623 composite?
False
Is 54824437 a prime number?
True
Is 78388511 a prime number?
True
Is 1784987 a composite number?
True
Is 166357727 prime?
True
Is 54213773 a composite number?
False
Is 25956587 prime?
False
Is 3505267 composite?
False
Is 159684137 a composite number?
False
Is 1641413 prime?
False
Is 71558471 composite?
False
Is 464447 composite?
False
Is 37455239 a prime number?
True
Is 29582803 composite?
True
Is 344847359 prime?
False
Is 72791 a composite number?
True
Is 16242671 a composite number?
False
Is 60753669 prime?
False
Is 19629227 a composite number?
False
Is 459636197 a prime number?
False
Is 95686449 composite?
True
Is 2573513 composite?
True
Is 2623351 a composite number?
False
Is 170436301 prime?
False
Is 118392289 prime?
True
Is 57170029 composite?
True
Is 881959 prime?
False
Is 78425771 composite?
False
Is 32407387 a prime number?
True
Is 1709909 a composite number?
False
Is 91401643 a prime number?
False
Is 1723739 composite?
True
Is 2096357 prime?
True
Is 4520335 prime?
False
Is 178113719 composite?
True
Is 1923647 composite?
True
Is 96080351 a composite number?
False
Is 417165863 a composite number?
True
Is 9362571 a prime number?
False
Is 6513161 a composite number?
True
Is 434730397 prime?
True
Is 36514363 a prime number?
False
Is 123287137 a prime number?
True
Is 374751293 a composite number?
True
Is 47962309 a prime number?
False
Is 19673263 a composite number?
False
Is 1706269 prime?
False
Is 1325333 composite?
False
Is 8809037 a composite number?
False
Is 24353107 a prime number?
False
Is 6219551 prime?
False
Is 167493187 composite?
False
Is 4356277 composite?
False
Is 105608395 a composite number?
True
Is 4263503 composite?
True
Is 36491405 prime?
False
Is 8827961 composite?
True
Is 440461753 a composite number?
True
Is 3102223 a prime number?
True
Is 752351 a prime number?
True
Is 4912627 composite?
False
Is 63565937 composite?
False
Is 13244333 prime?
False
Is 7434041 prime?
True
Is 7030223 prime?
False
Is 237227171 a composite number?
False
Is 1249501 a composite number?
True
Is 1148783423 a composite number?
False
Is 230937009 a prime number?
False
Is 1334539 a composite number?
True
Is 10751291 prime?
False
Is 779755771 composite?
False
Is 51100213 prime?
True
Is 6186341 prime?
False
Is 96632749 a prime number?
False
Is 106162309 composite?
True
Is 79684771 a composite number?
True
Is 287174893 prime?
True
Is 12400301 composite?
True
Is 8181577 a composite number?
False
Is 5086103 composite?
True
Is 6277447 composite?
True
Is 159398501 composite?
False
Is 10526857 composite?
True
Is 4652167 a prime number?
False
Is 89231183 composite?
True
Is 4507651 prime?
True
Is 78877889 a prime number?
True
Is 2572057 a prime number?
True
Is 21343331 composite?
False
Is 67983415 prime?
False
Is 7246867 prime?
True
Is 21222809 composite?
True
Is 1057781 prime?
True
Is 48139694 prime?
False
Is 12756533 a composite number?
True
Is 703306379 composite?
False
Is 1468393 composite?
True
Is 1641959 a prime number?
False
Is 14872007 prime?
False
Is 26939161 prime?
False
Is 4043587 a prime number?
True
Is 282002323 composite?
False
Is 1176283 composite?
True
Is 288377111 a prime number?
False
Is 212399 prime?
False
Is 776987 a composite number?
False
Is 83192159 a composite number?
False
Is 9058523 composite?
False
Is 3083141 composite?
False
Is 149786347 a composite number?
True
Is 164197895 prime?
False
Is 15314669 a prime number?